94 is divided by 33717493?
8
Calculate the remainder when 55157895 is divided by 185.
145
Calculate the remainder when 10753338 is divided by 4032.
4026
What is the remainder when 1469159 is divided by 7309?
50
What is the remainder when 4174121 is divided by 53?
0
Calculate the remainder when 17987 is divided by 15286.
2701
Calculate the remainder when 4314122 is divided by 670.
662
What is the remainder when 397699 is divided by 1824?
67
What is the remainder when 634759 is divided by 69?
28
Calculate the remainder when 366319 is divided by 1134.
37
Calculate the remainder when 13058701 is divided by 82.
37
Calculate the remainder when 85532066 is divided by 158.
30
Calculate the remainder when 33720704 is divided by 66.
50
Calculate the remainder when 1169059 is divided by 194697.
877
What is the remainder when 10426556 is divided by 3475494?
74
What is the remainder when 3032778 is divided by 1905?
18
What is the remainder when 2151464 is divided by 430285?
39
Calculate the remainder when 562770 is divided by 17050.
120
What is the remainder when 52065 is divided by 575?
315
Calculate the remainder when 73983 is divided by 23729.
2796
Calculate the remainder when 154563395 is divided by 2827.
2824
What is the remainder when 248015 is divided by 1732?
339
What is the remainder when 1544730 is divided by 1562?
1474
What is the remainder when 26632 is divided by 3131?
1584
Calculate the remainder when 100166766 is divided by 20033353.
1
What is the remainder when 9584065 is divided by 1847?
1829
Calculate the remainder when 3529790 is divided by 1176590.
20
What is the remainder when 1182913 is divided by 208?
17
What is the remainder when 64340 is divided by 12835?
165
Calculate the remainder when 208627886 is divided by 62.
56
What is the remainder when 13360 is divided by 1479?
49
Calculate the remainder when 25489520 is divided by 1019580.
20
Calculate the remainder when 7241993 is divided by 111.
20
What is the remainder when 8185720 is divided by 8185676?
44
Calculate the remainder when 4837078 is divided by 58.
52
Calculate the remainder when 1805359 is divided by 3825.
3784
What is the remainder when 352234 is divided by 2887?
20
What is the remainder when 18690702 is divided by 72?
6
Calculate the remainder when 331163377 is divided by 26.
25
What is the remainder when 219661 is divided by 54905?
41
Calculate the remainder when 9419993 is divided by 32.
25
Calculate the remainder when 1012328 is divided by 15.
8
Calculate the remainder when 2124070 is divided by 1788.
1714
Calculate the remainder when 63171 is divided by 14315.
5911
Calculate the remainder when 69615033 is divided by 52.
33
What is the remainder when 62260738 is divided by 15895?
23
What is the remainder when 2809479 is divided by 936460?
99
Calculate the remainder when 2667182 is divided by 156893.
1
Calculate the remainder when 383487392 is divided by 57.
56
What is the remainder when 9385911 is divided by 97?
94
Calculate the remainder when 22964420 is divided by 6.
2
Calculate the remainder when 388088832 is divided by 149.
5
What is the remainder when 78403298 is divided by 610?
608
What is the remainder when 13540005 is divided by 42445?
50
What is the remainder when 98237 is divided by 1551?
524
What is the remainder when 3235040 is divided by 655?
650
Calculate the remainder when 14776 is divided by 6730.
1316
What is the remainder when 502279 is divided by 512?
7
What is the remainder when 20061206 is divided by 35?
11
Calculate the remainder when 212278 is divided by 105375.
1528
What is the remainder when 362670 is divided by 2171?
113
What is the remainder when 44148 is divided by 1900?
448
What is the remainder when 5597 is divided by 5567?
30
Calculate the remainder when 37652491 is divided by 33.
19
What is the remainder when 3697 is divided by 957?
826
Calculate the remainder when 9416249 is divided by 206.
195
Calculate the remainder when 4119766 is divided by 369.
250
What is the remainder when 385930 is divided by 342?
154
Calculate the remainder when 359137 is divided by 945.
37
What is the remainder when 1697994 is divided by 172?
10
Calculate the remainder when 4904101 is divided by 24.
13
What is the remainder when 65908 is divided by 99?
73
Calculate the remainder when 156911858 is divided by 5031.
5030
What is the remainder when 570260 is divided by 651?
635
Calculate the remainder when 56020202 is divided by 7051.
7
Calculate the remainder when 1297572 is divided by 324324.
276
What is the remainder when 80680 is divided by 868?
824
Calculate the remainder when 1885091 is divided by 942535.
21
What is the remainder when 44222373 is divided by 100?
73
What is the remainder when 30674161 is divided by 7668499?
165
Calculate the remainder when 3031343 is divided by 122.
9
What is the remainder when 47869296 is divided by 74?
28
Calculate the remainder when 163534 is divided by 1068.
130
What is the remainder when 347168 is divided by 12?
8
Calculate the remainder when 55647 is divided by 6780.
1407
What is the remainder when 120571 is divided by 853?
298
Calculate the remainder when 64479806 is divided by 11060.
6
Calculate the remainder when 947781 is divided by 947780.
1
What is the remainder when 3081821 is divided by 616328?
181
Calculate the remainder when 13274676 is divided by 235.
231
Calculate the remainder when 429858 is divided by 107458.
26
Calculate the remainder when 3611586 is divided by 19210.
106
Calculate the remainder when 49946 is divided by 540.
266
Calculate the remainder when 501163412 is divided by 234.
230
What is the remainder when 265419 is divided by 66340?
59
Calculate the remainder when 60547675 is divided by 1710.
1705
What is the remainder when 336219 is divided by 84016?
155
Calculate the remainder when 309198586 is divided by 77299645.
6
Calculate the remainder when 34856374 is divided by 4966.
20
What is the remainder when 298562 is divided by 149223?
116
Calculate the remainder when 799559 is divided by 39948.
599
Calculate the remainder when 9026605 is divided by 782.
761
What is the remainder when 710671 is divided by 490?
171
Calculate the remainder when 434013 is divided by 47.
15
Calculate the remainder when 2189363 is divided by 244.
195
Calculate the remainder when 1769183 is divided by 30.
23
What is the remainder when 353935 is divided by 3145?
1695
What is the remainder when 4810569 is divided by 370043?
10
Calculate the remainder when 60476844 is divided by 65.
64
Calculate the remainder when 353289 is divided by 120.
9
What is the remainder when 24892187 is divided by 241?
20
What is the remainder when 4813138 is divided by 229197?
1
Calculate the remainder when 100650184 is divided by 1797324.
40
Calculate the remainder when 64848 is divided by 82.
68
Calculate the remainder when 46118 is divided by 14990.
1148
What is the remainder when 355673 is divided by 14?
3
Calculate the remainder when 11604798 is divided by 1954.
1946
What is the remainder when 2772109 is divided by 4537?
2
Calculate the remainder when 2145646 is divided by 153258.
34
Calculate the remainder when 25753672 is divided by 191.
187
Calculate the remainder when 144081 is divided by 72025.
31
Calculate the remainder when 20355606 is divided by 216549.
0
What is the remainder when 1933673 is divided by 21?
14
Calculate the remainder when 5322168 is divided by 2661079.
10
What is the remainder when 85111058 is divided by 6641?
2
Calculate the remainder when 335457 is divided by 754.
681
What is the remainder when 553105025 is divided by 1352335?
10
Calculate the remainder when 8863007 is divided by 2129.
2109
Calculate the remainder when 14067 is divided by 343.
4
What is the remainder when 696852 is divided by 673?
297
Calculate the remainder when 290716997 is divided by 350.
347
What is the remainder when 1279676 is divided by 16?
12
Calculate the remainder when 1099520406 is divided by 49.
47
What is the remainder when 143241109 is divided by 1001686?
11
Calculate the remainder when 191876 is divided by 7951.
1052
What is the remainder when 15197162 is divided by 7598579?
4
Calculate the remainder when 2138961 is divided by 503.
205
What is the remainder when 1148877 is divided by 1313?
2
What is the remainder when 302260